{"id":1499,"date":"2022-09-15T17:14:38","date_gmt":"2022-09-15T17:14:38","guid":{"rendered":"https:\/\/eislauf-moedling.at\/kurse\/?page_id=1499"},"modified":"2025-10-16T17:17:05","modified_gmt":"2025-10-16T17:17:05","slug":"hobby-eistanz","status":"publish","type":"page","link":"https:\/\/eislauf-moedling.at\/kurse\/?page_id=1499","title":{"rendered":"Hobby-Eistanz"},"content":{"rendered":"\n<figure class=\"wp-block-video\"><video autoplay controls loop src=\"https:\/\/eislauf-moedling.at\/pics\/2022\/headers\/mea-header-hobbyeistanz.mp4\"><\/video><\/figure>\n\n\n\n<style>\n.mea-kurse-div100-100 a:hover {color: #182d84;} <\/style>\n<div class=\"mea-hauptblock\">\n<div class=\"mea-textblock\">\n<div class=\"mea-text-titel\">MEA HOBBY- UND ERWACHSENEN-EISTANZ<\/div><br>\nEiskunstlauf und Eistanzen ist in jedem Alter erlernbar und unser staatlich gepr\u00fcftes Trainer:innen-Team freut sich auf alle eissportbegeisterten Teilnehmer:innen bei unseren <b>Hobby- und Erwachsenenkursen<\/b>! <br>\nF\u00fcr die Teilnahme an diesen Kursen sind unbedingt Eiskunstlaufschuhe erforderlich.\n<br>\n<br>\n<div style=\"\" class=\"mea-text-titel\">ANMELDUNG F\u00dcR HOBBY- UND ERWACHSENEN-EISTANZ SAISON 2025\/26<\/div>\n<br>\n<div style=\"\">\n<em><font style=\"\">KURSBEGINN \/ KURSENDE<\/font>:<br>\n<b>Anfangs- und Endzeitpunkt der Saison sind abh\u00e4ngig von der Witterung und obliegen der Entscheidung der Stadtbad-Leitung, ebenso etwaige wetterbedingte Schlie\u00dfungen des Eislaufplatzes!<\/b><br><br>\n<font style=\"\">KURSGEB\u00dcHR<\/font>: <b>\u20ac 140,-<\/b><\/em>\n<\/div><br>\n<div style=\"\" class=\"mea-kurse-div100-100\" style=\"\">\n<font id=\"kurszeit-titel-div\">DONNERSTAG: von 19:30 bis 21:00 Uhr (ab 16 Jahre)<\/font>\n<br><img decoding=\"async\" src=\"https:\/\/eislauf-moedling.at\/pics\/icons\/mea-max-zahl.png\" style=\"height: 1em; vertical-align: middle;\"> angemeldet: <font style=\"color: #090; font-weight: bold;\"> 25<\/font> <b>von max. 25<\/b><br><img decoding=\"async\" src=\"https:\/\/eislauf-moedling.at\/pics\/icons\/mea-check.png\" style=\"height: 1em; vertical-align: middle;\"><a href=\"https:\/\/eislauf-moedling.at\/kurse\/?page_id=285\"> jetzt anmelden<\/a>\n<\/div>\n<br><br>\n<div class=\"mea-kurse-div100-100\" style=\"text-align: left;\">\n<div style=\"display: none; background-color: #e3f4f9; padding: 0.5em; border: 2px solid; border-radius: 1em; font-size: 1em;\">\n<b>Das Online-Anmeldeformular f\u00fcr den Hobby-Eistanzkurs 2025\/26 steht in K\u00fcrze zur Verf\u00fcgung!<\/b><br> Voranmeldungen bitte bis auf weiteres per E-Mail an <a href=\"mailto:kurse@eislauf-moedling.at\">kurse@eislauf-moedling.at<\/a> mit folgenden Angaben: <br>&#8211; gew\u00fcnschter Kurs<br>&#8211; Vorname des\/r Kursteilnehmer\/in<br>&#8211; Familienname des\/r Kursteilnehmer\/in<br>&#8211;  Geburtsdatum des\/r Kursteilnehmer\/in<br>&#8211; PLZ, Ort, Adresse<br>&#8211; Tel.Nr.<br>&#8211; E-Mail-Adresse\n<\/div><br>\n<\/div>\n<\/div>\n\n\n\n<style>.mea-kurse-div100-100 a {color: #00bf00; text-decoration: underline;} .mea-kurse-div100-100 a:hover {color: #182d84;}  .mea-paymethods-img {width: 300px;} @media screen and (max-device-width:640px), screen and (max-width:640px)\n{ .mea-paymethods-img {width: 100%;} }<\/style>\n<div style=\"display: inline-block; width: 100%; height:1em;\"><\/div>\n<div style=\"background-color: #e3f4f9; color: #182d84; padding: 0.5em; border: 2px solid; border-radius: 1em;\">\nDer erste Kurstag kann auf Wunsch als Schnuppertag verwendet werden, ab dem zweiten Kurstag muss ein Zahlungsbeleg (Online-Zahlung, Erlagschein oder \u00dcberweisungsbeleg) vorgezeigt werden.\n<\/div><br>\n<div id=\"bezahlung\" style=\"border: 2px solid #192e84; padding: 10px; color: #182d84;\"><font style=\"font-weight: bold;\">Bezahlung der Kurse<\/font>:<br>\nDie Kursgeb\u00fchren sind via Bank\u00fcberweisung an folgendes Konto zu entrichten: <br><b>\u00d6TB Turnverein M\u00f6dling Abt. Eislaufen<br>AT61 1200 0006 3029 7703<\/b>\n<\/div>\n<\/div>\n","protected":false},"excerpt":{"rendered":"<p>MEA HOBBY- UND ERWACHSENEN-EISTANZ Eiskunstlauf und Eistanzen ist in jedem Alter erlernbar und unser staatlich gepr\u00fcftes Trainer:innen-Team freut sich auf<\/p>\n","protected":false},"author":1,"featured_media":0,"parent":59,"menu_order":3,"comment_status":"closed","ping_status":"closed","template":"","meta":{"colormag_page_layout":"default_layout","footnotes":""},"class_list":["post-1499","page","type-page","status-publish","hentry"],"_links":{"self":[{"href":"https:\/\/eislauf-moedling.at\/kurse\/index.php?rest_route=\/wp\/v2\/pages\/1499","targetHints":{"allow":["GET"]}}],"collection":[{"href":"https:\/\/eislauf-moedling.at\/kurse\/index.php?rest_route=\/wp\/v2\/pages"}],"about":[{"href":"https:\/\/eislauf-moedling.at\/kurse\/index.php?rest_route=\/wp\/v2\/types\/page"}],"author":[{"embeddable":true,"href":"https:\/\/eislauf-moedling.at\/kurse\/index.php?rest_route=\/wp\/v2\/users\/1"}],"replies":[{"embeddable":true,"href":"https:\/\/eislauf-moedling.at\/kurse\/index.php?rest_route=%2Fwp%2Fv2%2Fcomments&post=1499"}],"version-history":[{"count":83,"href":"https:\/\/eislauf-moedling.at\/kurse\/index.php?rest_route=\/wp\/v2\/pages\/1499\/revisions"}],"predecessor-version":[{"id":3348,"href":"https:\/\/eislauf-moedling.at\/kurse\/index.php?rest_route=\/wp\/v2\/pages\/1499\/revisions\/3348"}],"up":[{"embeddable":true,"href":"https:\/\/eislauf-moedling.at\/kurse\/index.php?rest_route=\/wp\/v2\/pages\/59"}],"wp:attachment":[{"href":"https:\/\/eislauf-moedling.at\/kurse\/index.php?rest_route=%2Fwp%2Fv2%2Fmedia&parent=1499"}],"curies":[{"name":"wp","href":"https:\/\/api.w.org\/{rel}","templated":true}]}}