{"id":1887,"date":"2022-10-20T12:05:10","date_gmt":"2022-10-20T12:05:10","guid":{"rendered":"https:\/\/eislauf-moedling.at\/kurse\/?page_id=1887"},"modified":"2026-03-03T19:53:34","modified_gmt":"2026-03-03T19:53:34","slug":"wilkommen","status":"publish","type":"page","link":"https:\/\/eislauf-moedling.at\/kurse\/","title":{"rendered":"WILLKOMMEN"},"content":{"rendered":"\n<style>.video-container {\n  position: relative;\n  padding-bottom: 56.25%; \/* 16:9 *\/\n  height: 0;\n}\n.video-container iframe {\n  position: absolute;\n  top: 0;\n  left: 0;\n  width: 100%;\n  height: 100%;\n}<\/style>\n<style>#slider {display: none;} .mea-info-1-txt a {font-weight: bold}<\/style>\n<div class=\"mea-hauptblock\"><div class=\"mea-textblock\"><div class=\"mea-text-titel\">WILLKOMMEN BEI MEA!<\/div><br><div class=\"mea-info-1-txt\" style=\"font-size: 1.3em;\">Die <b>M\u00f6dlinger Eislaufabteilung &#8211; MEA<\/b> befindet sich im <b>Freizeitzentrum Stadtbad M\u00f6dling<\/b> und bietet j\u00e4hrlich ihren Mitgliedern <b>Eislaufkurse f\u00fcr jedes Alter und K\u00f6nnen<\/b> an. <br>Richtig Eislaufen lernen kann man ab dem 3. Lebensjahr. Melden Sie sich bei uns &#8211; unsere Trainer:innen und \u00dcbungsleiter:innen werden Sie beraten und den optimalen Kurs f\u00fcr Sie und Ihr Kind ermitteln.<\/div>\n<div class=\"mea-pic-1\">\n<img decoding=\"async\" class=\"mea-img-1\" src=\"https:\/\/eislauf-moedling.at\/pics\/mea-1.jpg\"><\/div>\n<br><br>\n<div style=\"display: block; width: 100%; clear: both; height: 15px\"><\/div>\n<div class=\"mea-text-titel\" style=\"padding-top: 10px;\">R\u00dcCKBLICK &#038; AUSBLICK 2025\/26 \u2013 2026\/27<\/div><br>\n<div class=\"mea-text-main2\">\n<blockquote class=\"instagram-media\" data-instgrm-permalink=\"https:\/\/www.instagram.com\/p\/DUVV_mVCLVA\/?utm_source=ig_embed&amp;utm_campaign=loading\" data-instgrm-version=\"14\" style=\" background:#FFF; border:0; border-radius:3px; box-shadow:0 0 1px 0 rgba(0,0,0,0.5),0 1px 10px 0 rgba(0,0,0,0.15); margin: 1px; max-width:540px; min-width:326px; padding:0; width:99.375%; width:-webkit-calc(100% - 2px); width:calc(100% - 2px);\"><div style=\"padding:16px;\"> <a href=\"https:\/\/www.instagram.com\/p\/DUVV_mVCLVA\/?utm_source=ig_embed&amp;utm_campaign=loading\" style=\" background:#FFFFFF; line-height:0; padding:0 0; text-align:center; text-decoration:none; width:100%;\" target=\"_blank\"> <div style=\" display: flex; flex-direction: row; align-items: center;\"> <div style=\"background-color: #F4F4F4; border-radius: 50%; flex-grow: 0; height: 40px; margin-right: 14px; width: 40px;\"><\/div> <div style=\"display: flex; flex-direction: column; flex-grow: 1; justify-content: center;\"> <div style=\" background-color: #F4F4F4; border-radius: 4px; flex-grow: 0; height: 14px; margin-bottom: 6px; width: 100px;\"><\/div> <div style=\" background-color: #F4F4F4; border-radius: 4px; flex-grow: 0; height: 14px; width: 60px;\"><\/div><\/div><\/div><div style=\"padding: 19% 0;\"><\/div> <div style=\"display:block; height:50px; margin:0 auto 12px; width:50px;\"><svg width=\"50px\" height=\"50px\" viewBox=\"0 0 60 60\" version=\"1.1\" xmlns=\"https:\/\/www.w3.org\/2000\/svg\" xmlns:xlink=\"https:\/\/www.w3.org\/1999\/xlink\"><g stroke=\"none\" stroke-width=\"1\" fill=\"none\" fill-rule=\"evenodd\"><g transform=\"translate(-511.000000, -20.000000)\" fill=\"#000000\"><g><path d=\"M556.869,30.41 C554.814,30.41 553.148,32.076 553.148,34.131 C553.148,36.186 554.814,37.852 556.869,37.852 C558.924,37.852 560.59,36.186 560.59,34.131 C560.59,32.076 558.924,30.41 556.869,30.41 M541,60.657 C535.114,60.657 530.342,55.887 530.342,50 C530.342,44.114 535.114,39.342 541,39.342 C546.887,39.342 551.658,44.114 551.658,50 C551.658,55.887 546.887,60.657 541,60.657 M541,33.886 C532.1,33.886 524.886,41.1 524.886,50 C524.886,58.899 532.1,66.113 541,66.113 C549.9,66.113 557.115,58.899 557.115,50 C557.115,41.1 549.9,33.886 541,33.886 M565.378,62.101 C565.244,65.022 564.756,66.606 564.346,67.663 C563.803,69.06 563.154,70.057 562.106,71.106 C561.058,72.155 560.06,72.803 558.662,73.347 C557.607,73.757 556.021,74.244 553.102,74.378 C549.944,74.521 548.997,74.552 541,74.552 C533.003,74.552 532.056,74.521 528.898,74.378 C525.979,74.244 524.393,73.757 523.338,73.347 C521.94,72.803 520.942,72.155 519.894,71.106 C518.846,70.057 518.197,69.06 517.654,67.663 C517.244,66.606 516.755,65.022 516.623,62.101 C516.479,58.943 516.448,57.996 516.448,50 C516.448,42.003 516.479,41.056 516.623,37.899 C516.755,34.978 517.244,33.391 517.654,32.338 C518.197,30.938 518.846,29.942 519.894,28.894 C520.942,27.846 521.94,27.196 523.338,26.654 C524.393,26.244 525.979,25.756 528.898,25.623 C532.057,25.479 533.004,25.448 541,25.448 C548.997,25.448 549.943,25.479 553.102,25.623 C556.021,25.756 557.607,26.244 558.662,26.654 C560.06,27.196 561.058,27.846 562.106,28.894 C563.154,29.942 563.803,30.938 564.346,32.338 C564.756,33.391 565.244,34.978 565.378,37.899 C565.522,41.056 565.552,42.003 565.552,50 C565.552,57.996 565.522,58.943 565.378,62.101 M570.82,37.631 C570.674,34.438 570.167,32.258 569.425,30.349 C568.659,28.377 567.633,26.702 565.965,25.035 C564.297,23.368 562.623,22.342 560.652,21.575 C558.743,20.834 556.562,20.326 553.369,20.18 C550.169,20.033 549.148,20 541,20 C532.853,20 531.831,20.033 528.631,20.18 C525.438,20.326 523.257,20.834 521.349,21.575 C519.376,22.342 517.703,23.368 516.035,25.035 C514.368,26.702 513.342,28.377 512.574,30.349 C511.834,32.258 511.326,34.438 511.181,37.631 C511.035,40.831 511,41.851 511,50 C511,58.147 511.035,59.17 511.181,62.369 C511.326,65.562 511.834,67.743 512.574,69.651 C513.342,71.625 514.368,73.296 516.035,74.965 C517.703,76.634 519.376,77.658 521.349,78.425 C523.257,79.167 525.438,79.673 528.631,79.82 C531.831,79.965 532.853,80.001 541,80.001 C549.148,80.001 550.169,79.965 553.369,79.82 C556.562,79.673 558.743,79.167 560.652,78.425 C562.623,77.658 564.297,76.634 565.965,74.965 C567.633,73.296 568.659,71.625 569.425,69.651 C570.167,67.743 570.674,65.562 570.82,62.369 C570.966,59.17 571,58.147 571,50 C571,41.851 570.966,40.831 570.82,37.631\"><\/path><\/g><\/g><\/g><\/svg><\/div><div style=\"padding-top: 8px;\"> <div style=\" color:#3897f0; font-family:Arial,sans-serif; font-size:14px; font-style:normal; font-weight:550; line-height:18px;\">Sieh dir diesen Beitrag auf Instagram an<\/div><\/div><div style=\"padding: 12.5% 0;\"><\/div> <div style=\"display: flex; flex-direction: row; margin-bottom: 14px; align-items: center;\"><div> <div style=\"background-color: #F4F4F4; border-radius: 50%; height: 12.5px; width: 12.5px; transform: translateX(0px) translateY(7px);\"><\/div> <div style=\"background-color: #F4F4F4; height: 12.5px; transform: rotate(-45deg) translateX(3px) translateY(1px); width: 12.5px; flex-grow: 0; margin-right: 14px; margin-left: 2px;\"><\/div> <div style=\"background-color: #F4F4F4; border-radius: 50%; height: 12.5px; width: 12.5px; transform: translateX(9px) translateY(-18px);\"><\/div><\/div><div style=\"margin-left: 8px;\"> <div style=\" background-color: #F4F4F4; border-radius: 50%; flex-grow: 0; height: 20px; width: 20px;\"><\/div> <div style=\" width: 0; height: 0; border-top: 2px solid transparent; border-left: 6px solid #f4f4f4; border-bottom: 2px solid transparent; transform: translateX(16px) translateY(-4px) rotate(30deg)\"><\/div><\/div><div style=\"margin-left: auto;\"> <div style=\" width: 0px; border-top: 8px solid #F4F4F4; border-right: 8px solid transparent; transform: translateY(16px);\"><\/div> <div style=\" background-color: #F4F4F4; flex-grow: 0; height: 12px; width: 16px; transform: translateY(-4px);\"><\/div> <div style=\" width: 0; height: 0; border-top: 8px solid #F4F4F4; border-left: 8px solid transparent; transform: translateY(-4px) translateX(8px);\"><\/div><\/div><\/div> <div style=\"display: flex; flex-direction: column; flex-grow: 1; justify-content: center; margin-bottom: 24px;\"> <div style=\" background-color: #F4F4F4; border-radius: 4px; flex-grow: 0; height: 14px; margin-bottom: 6px; width: 224px;\"><\/div> <div style=\" background-color: #F4F4F4; border-radius: 4px; flex-grow: 0; height: 14px; width: 144px;\"><\/div><\/div><\/a><p style=\" color:#c9c8cd; font-family:Arial,sans-serif; font-size:14px; line-height:17px; margin-bottom:0; margin-top:8px; overflow:hidden; padding:8px 0 7px; text-align:center; text-overflow:ellipsis; white-space:nowrap;\"><a href=\"https:\/\/www.instagram.com\/p\/DUVV_mVCLVA\/?utm_source=ig_embed&amp;utm_campaign=loading\" style=\" color:#c9c8cd; font-family:Arial,sans-serif; font-size:14px; font-style:normal; font-weight:normal; line-height:17px; text-decoration:none;\" target=\"_blank\">Ein Beitrag geteilt von Eislauf M\u00f6dling &#8211; Kurse (@eislauf_moedling)<\/a><\/p><\/div><\/blockquote>\n<script async src=\"\/\/www.instagram.com\/embed.js\"><\/script>\n<\/div>\n<div class=\"mea-text-main1\" style=\"display: none;\">\n<div class=\"mea-text-main1div\">\n<b>Eislauffreude pur! Wintersaison 2025\/26 der M\u00f6dlinger Eislaufabteilung n\u00e4hert sich!<\/b><br>\n<div style=\"display: block; width: 100%; height: 10px;\"><\/div>\nLiebe Eislaufbegeisterte,<br>\n<div style=\"display: block; width: 100%; height: 10px;\"><\/div> wir freuen uns, euch die bevorstehende Wintersaison anzuk\u00fcndigen! Hierbei bieten wir euch wieder spannende Kindereislaufkurse sowie einen mit Freude erwarteten Hobby-Eistanzkurs f\u00fcr Erwachsene an. Egal ob Anf\u00e4nger:innen oder fortgeschrittener Eisl\u00e4ufer:innen, bei uns ist f\u00fcr jeden das passende Angebot dabei.<br>\n<div style=\"display: block; width: 100%; height: 10px;\"><\/div>\nUnsere <b><a href=\"https:\/\/eislauf-moedling.at\/kurse\/?page_id=1479\" target=\"_self\" rel=\"noopener\">Kindereislaufkurse<\/a><\/b> sind die perfekte Gelegenheit f\u00fcr alle kleinen Eislaufenthusiast:innen, ihre F\u00e4higkeiten auf dem Eis zu verbessern und dabei eine Menge Spa\u00df zu haben. Unter der professionellen Anleitung unserer erfahrenen Trainer:innen werden die Kinder spielerisch in die Grundlagen des Eislaufens eingef\u00fchrt und k\u00f6nnen ihre Technik weiterentwickeln. Freut euch auf eine sichere und unterhaltsame Umgebung, in der eure Kleinen sich wohl und unterst\u00fctzt f\u00fchlen.<br>\n<div style=\"display: block; width: 100%; height: 10px;\"><\/div>\nF\u00fcr alle erwachsenen Eislaufbegeisterten bieten wir auch in dieser Wintersaison wieder unseren beliebten <b><a href=\"https:\/\/eislauf-moedling.at\/kurse\/?page_id=1499\">Hobby-Eistanzkurs<\/a><\/b> an. Hier k\u00f6nnt ihr eure Eistanz-Fertigkeiten ausbauen und gemeinsam mit Gleichgesinnten eine tolle Zeit auf dem Eis verbringen. Egal, ob ihr schon Erfahrung im Eistanz habt oder als Anf\u00e4nger:in einsteigt &#8211; unsere erfahrenen Trainer:innen unterst\u00fctzen euch dabei, eure Eistanzk\u00fcnste zu verbessern.<br>\n<div style=\"display: block; width: 100%; height: 10px;\"><\/div>\n<b>Wir freuen uns schon jetzt auf eine aufregende Wintersaison 2024\/25 mit euch allen! Lasst uns gemeinsam die Freude am Eislaufen teilen und unvergessliche Momente auf der Eisfl\u00e4che erleben.<\/b><br>\n<b>Ihr MEA-Team<\/b>\n<\/div><\/div>\n<div class=\"mea-text-main1\">\n<div class=\"mea-text-main1div\">\n    Die M\u00f6dlinger Eislaufabteilung bedankt sich herzlich bei allen Besucherinnen und Besuchern\n    f\u00fcr eine gro\u00dfartige Eissaison 2025\/26. Dank g\u00fcnstiger Wetterbedingungen konnten fast alle Einheiten\n    durchgef\u00fchrt werden, und unsere Kinderkurse \u2013 sowohl regul\u00e4re als auch intensive Ferienkurse\n    (Winterferienspiele) \u2013 waren durchgehend ausgebucht.\n<br><br>\n    Ein besonderes Highlight war das hervorragend besuchte Maskenfest am Stadtbad M\u00f6dling \u2013 ein\n    stimmungsvoller Abend, der einmal mehr gezeigt hat, wie wichtig dieser Eislaufplatz f\u00fcr unsere\n    Gemeinschaft ist.\n <br><br>\n  <b>Zur Situation rund um den Eislaufplatz<\/b>\n<br><br>\n\n    Die Zukunft des Eislaufplatzes am Stadtbad M\u00f6dling ist derzeit offen. Mit der B\u00fcrgerinitiative\n    \u201eEIS M\u00f6dling\u201c und \u00fcber 8.000 gesammelten Unterschriften wurde ein starkes Zeichen f\u00fcr den Erhalt\n    der Kunsteisbahn gesetzt. Dieses Engagement zeigt deutlich, welchen Stellenwert der Eislaufplatz\n    f\u00fcr Kinder, Familien, Schulen und Vereine in unserer Stadt hat.\n<br><br>\n    Wir setzen uns weiterhin mit Nachdruck f\u00fcr tragf\u00e4hige L\u00f6sungen ein. Unser Ziel ist es,\n    dass die Kunsteisbahn zumindest \u00fcberbr\u00fcckend bis zur Realisierung einer Eishalle oder einer\n    anderen nachhaltigen Perspektive erhalten bleibt. Der Eissport soll in M\u00f6dling auch in Zukunft\n    einen festen Platz haben.\n<br><br>\n    Die MEA steht im laufenden Austausch mit den zust\u00e4ndigen Stellen und wird alle Interessierten\n    transparent und zeitnah dar\u00fcber informieren, wie es in der kommenden Saison 2026\/27 weitergeht.\n    Wir danken allen Unterst\u00fctzerinnen und Unterst\u00fctzern f\u00fcr das Vertrauen und das klare Bekenntnis\n    zum Eislaufsport in M\u00f6dling \u2013 gemeinsam arbeiten wir daran, dass das Eis auch in Zukunft Teil\n    unseres Stadtlebens bleibt.\n\n<\/div><\/div>\n<div style=\"display: block; width: 100%; clear: both; height: 15px\"><\/div>\n<div class=\"mea-text-titel\" style=\"padding-top: 10px;\">MEA VORSTAND<\/div><br>\n<div class=\"mea-text-main2\" style=\"display: none;\">\n<img decoding=\"async\" src=\"https:\/\/eislauf-moedling.at\/pics\/2023\/mea-kinderkurse-2022.jpg\" width=\"100%\">\n<\/div>\n<div class=\"mea-text-main2\" style=\"display: none;\">\n<a href=\"https:\/\/eislauf-moedling.at\/kurse\/?page_id=1499\"><img decoding=\"async\" src=\"https:\/\/eislauf-moedling.at\/pics\/2025\/popup\/MEA-PLAKAT-EISTANZ2025X.jpg\" width=\"100%\"><\/a>\n<\/div><\/div>\n\n<div style=\"display: block; width: 100%; clear: both; height: 15px\"><\/div>\n\n<img decoding=\"async\" class=\"eiswart-pic\" src=\"https:\/\/eislauf-moedling.at\/pics\/trainer\/peterschuebl.jpg\">\n<div class=\"eiswart-pic-txt\"><font style=\"font-weight: bold\">PETER SCH\u00dcBL<\/font><br>\n<br>\n&#x2714; Eissportwart der M\u00f6dlinger Eislaufabteilung\n<br>\n\u200b&#x2714; Fachwart f\u00fcr Eiskunstlaufen und Eistanzen<\/div><\/div>\n<\/div>\n<div style=\"display: block; width: 100%; clear: both; height: 15px\"><\/div>\n\n<div class=\"video-container\">\n<iframe loading=\"lazy\" src=\"https:\/\/www.youtube.com\/embed\/c_ksa4KdfnM?si=KmpUNTvt8ndkKxy9?rel=0&amp;mute=1;showinfo=0;&amp;autoplay=1;\" title=\"YouTube video player\" allow=\"accelerometer; autoplay; clipboard-write; encrypted-media; gyroscope; picture-in-picture\" allowfullscreen=\"\" width=\"1182\" height=\"665\" frameborder=\"0\" scrolling=\"no\" onload=\"resizeIframe(this)\"><\/iframe><\/div>\n<div style=\"display: block; width: 100%; height: 1em;\"><\/div>\n\n\n\n<p><\/p>\n","protected":false},"excerpt":{"rendered":"<p>WILLKOMMEN BEI MEA! Die M\u00f6dlinger Eislaufabteilung &#8211; MEA befindet sich im Freizeitzentrum Stadtbad M\u00f6dling und bietet j\u00e4hrlich ihren Mitgliedern Eislaufkurse<\/p>\n","protected":false},"author":1,"featured_media":0,"parent":0,"menu_order":0,"comment_status":"closed","ping_status":"closed","template":"","meta":{"colormag_page_layout":"default_layout","footnotes":""},"class_list":["post-1887","page","type-page","status-publish","hentry"],"_links":{"self":[{"href":"https:\/\/eislauf-moedling.at\/kurse\/index.php?rest_route=\/wp\/v2\/pages\/1887","targetHints":{"allow":["GET"]}}],"collection":[{"href":"https:\/\/eislauf-moedling.at\/kurse\/index.php?rest_route=\/wp\/v2\/pages"}],"about":[{"href":"https:\/\/eislauf-moedling.at\/kurse\/index.php?rest_route=\/wp\/v2\/types\/page"}],"author":[{"embeddable":true,"href":"https:\/\/eislauf-moedling.at\/kurse\/index.php?rest_route=\/wp\/v2\/users\/1"}],"replies":[{"embeddable":true,"href":"https:\/\/eislauf-moedling.at\/kurse\/index.php?rest_route=%2Fwp%2Fv2%2Fcomments&post=1887"}],"version-history":[{"count":156,"href":"https:\/\/eislauf-moedling.at\/kurse\/index.php?rest_route=\/wp\/v2\/pages\/1887\/revisions"}],"predecessor-version":[{"id":3439,"href":"https:\/\/eislauf-moedling.at\/kurse\/index.php?rest_route=\/wp\/v2\/pages\/1887\/revisions\/3439"}],"wp:attachment":[{"href":"https:\/\/eislauf-moedling.at\/kurse\/index.php?rest_route=%2Fwp%2Fv2%2Fmedia&parent=1887"}],"curies":[{"name":"wp","href":"https:\/\/api.w.org\/{rel}","templated":true}]}}