{"id":2513,"date":"2023-08-05T22:10:49","date_gmt":"2023-08-05T22:10:49","guid":{"rendered":"https:\/\/eislauf-moedling.at\/kurse\/?page_id=2513"},"modified":"2023-08-08T22:15:55","modified_gmt":"2023-08-08T22:15:55","slug":"mea-saison-2022-23","status":"publish","type":"page","link":"https:\/\/eislauf-moedling.at\/kurse\/?page_id=2513","title":{"rendered":"MEA Saison 2022\/23"},"content":{"rendered":"\n<div class=\"mea-hauptblock\"><br>\n<div class=\"mea-textblock\"><div class=\"mea-text-titel\">MEA SAISON 2022\/2023<\/div>\n<\/div>\n<\/div>\n\n\n\n<div class=\"mea-text-main2\">\n<iframe loading=\"lazy\" allow=\"accelerometer; clipboard-write; encrypted-media; gyroscope; picture-in-picture\" allowfullscreen=\"\" class=\"wifa-video-div\" src=\"https:\/\/www.youtube.com\/embed\/e-Vd2Wa-iyo?rel=0&amp;mute=1;showinfo=0;&amp;autoplay;\" title=\"YouTube video player\" width=\"100%\" height=\"500px\" frameborder=\"0\"><\/iframe>\n\n<\/div>\n<div class=\"mea-text-main1\"><div class=\"mea-text-main1div\">\n<div style=\"display: block; height: 5px;\"><\/div>\n<b>Wir schauen auf eine sehr erfolgreiche Saison 2022\/23 zur\u00fcck und freuen uns, dass der Eissport trotz schwieriger Lage so viele begeisterte Sportler:innen auf die Kunsteisbahn in M\u00f6dling gef\u00fchrt hat!<\/b><br>\nWas ein fulminanter Abschluss unserer Eislaufsaison h\u00e4tte werden k\u00f6nnen, h\u00e4tten uns die Wetterg\u00f6tter nicht einen Strich durch die Rechnung gemacht, und wie schon langsam Tradition geworden, Dank Initiative von unserem Mitglied Eszter Lukenics: hier die <b>Probe f\u00fcr das diesj\u00e4hrige Schaulaufen Teil 1<\/b>! (Teil 2 k\u00f6nnen Sie hier sehen: <a href=\"https:\/\/www.youtube.com\/watch?v=cV11Ul2hZco\">Schaulaufen Teil 2<\/a> <br>\nWir bedanken uns bei all unseren Mitgliedern, Kursteilnehmer:innen und Eissportbegeisterten f\u00fcr eine erfolgreiche, wenn auch vorzeitig beendete Eislaufsaison 2022\/23 und freuen uns auf die M\u00f6glichkeit der \u00dcberbr\u00fcckung bis zur n\u00e4chsten: auf Rollschuhen!!!<br><b>Ihr MEA-Team<\/b>\n<\/div><\/div>\n<div style=\"display: block; height: 15px; clear: both;\"><\/div>\n<div style=\"background-color: #fff; padding: 0;\">\n<div style=\"display: block; height: 5px;\"><\/div>\n<div style=\"display: block; height: 15px;\"><\/div> \n<\/div>\n","protected":false},"excerpt":{"rendered":"<p>MEA SAISON 2022\/2023 Wir schauen auf eine sehr erfolgreiche Saison 2022\/23 zur\u00fcck und freuen uns, dass der Eissport trotz schwieriger<\/p>\n","protected":false},"author":1,"featured_media":0,"parent":0,"menu_order":0,"comment_status":"closed","ping_status":"closed","template":"","meta":{"colormag_page_layout":"default_layout","footnotes":""},"class_list":["post-2513","page","type-page","status-publish","hentry"],"_links":{"self":[{"href":"https:\/\/eislauf-moedling.at\/kurse\/index.php?rest_route=\/wp\/v2\/pages\/2513","targetHints":{"allow":["GET"]}}],"collection":[{"href":"https:\/\/eislauf-moedling.at\/kurse\/index.php?rest_route=\/wp\/v2\/pages"}],"about":[{"href":"https:\/\/eislauf-moedling.at\/kurse\/index.php?rest_route=\/wp\/v2\/types\/page"}],"author":[{"embeddable":true,"href":"https:\/\/eislauf-moedling.at\/kurse\/index.php?rest_route=\/wp\/v2\/users\/1"}],"replies":[{"embeddable":true,"href":"https:\/\/eislauf-moedling.at\/kurse\/index.php?rest_route=%2Fwp%2Fv2%2Fcomments&post=2513"}],"version-history":[{"count":4,"href":"https:\/\/eislauf-moedling.at\/kurse\/index.php?rest_route=\/wp\/v2\/pages\/2513\/revisions"}],"predecessor-version":[{"id":2724,"href":"https:\/\/eislauf-moedling.at\/kurse\/index.php?rest_route=\/wp\/v2\/pages\/2513\/revisions\/2724"}],"wp:attachment":[{"href":"https:\/\/eislauf-moedling.at\/kurse\/index.php?rest_route=%2Fwp%2Fv2%2Fmedia&parent=2513"}],"curies":[{"name":"wp","href":"https:\/\/api.w.org\/{rel}","templated":true}]}}